{"id":1088,"date":"2023-06-23T13:34:18","date_gmt":"2023-06-23T11:34:18","guid":{"rendered":"http:\/\/serwer1781763.home.pl\/gardlox\/?page_id=1088"},"modified":"2023-11-24T09:27:40","modified_gmt":"2023-11-24T08:27:40","slug":"porady","status":"publish","type":"page","link":"https:\/\/gardlox.pl\/?page_id=1088","title":{"rendered":"Porady"},"content":{"rendered":"\t\t<div data-elementor-type=\"wp-page\" data-elementor-id=\"1088\" class=\"elementor elementor-1088\">\n\t\t\t\t\t\t\t\t\t<section class=\"elementor-section elementor-top-section elementor-element elementor-element-50145244 elementor-section-height-min-height elementor-section-boxed elementor-section-height-default elementor-section-items-middle\" data-id=\"50145244\" data-element_type=\"section\" data-settings=\"{&quot;background_background&quot;:&quot;slideshow&quot;,&quot;background_slideshow_gallery&quot;:[{&quot;id&quot;:1671,&quot;url&quot;:&quot;http:\\\/\\\/serwer1781763.home.pl\\\/gardlox\\\/wp-content\\\/uploads\\\/2023\\\/07\\\/GARDLOX___1.png&quot;},{&quot;id&quot;:1672,&quot;url&quot;:&quot;http:\\\/\\\/serwer1781763.home.pl\\\/gardlox\\\/wp-content\\\/uploads\\\/2023\\\/07\\\/GARDLOX___2.png&quot;},{&quot;id&quot;:1673,&quot;url&quot;:&quot;http:\\\/\\\/serwer1781763.home.pl\\\/gardlox\\\/wp-content\\\/uploads\\\/2023\\\/07\\\/GARDLOX___3.png&quot;},{&quot;id&quot;:1674,&quot;url&quot;:&quot;http:\\\/\\\/serwer1781763.home.pl\\\/gardlox\\\/wp-content\\\/uploads\\\/2023\\\/07\\\/GARDLOX___4.png&quot;},{&quot;id&quot;:1675,&quot;url&quot;:&quot;http:\\\/\\\/serwer1781763.home.pl\\\/gardlox\\\/wp-content\\\/uploads\\\/2023\\\/07\\\/GARDLOX___5.png&quot;},{&quot;id&quot;:1670,&quot;url&quot;:&quot;http:\\\/\\\/serwer1781763.home.pl\\\/gardlox\\\/wp-content\\\/uploads\\\/2023\\\/07\\\/GARDLOX___6.png&quot;}],&quot;background_slideshow_transition_duration&quot;:400,&quot;background_slideshow_loop&quot;:&quot;yes&quot;,&quot;background_slideshow_slide_duration&quot;:5000,&quot;background_slideshow_slide_transition&quot;:&quot;fade&quot;}\">\n\t\t\t\t\t\t\t<div class=\"elementor-background-overlay\"><\/div>\n\t\t\t\t\t\t\t<div class=\"elementor-container elementor-column-gap-default\">\n\t\t\t\t\t<div class=\"elementor-column elementor-col-50 elementor-top-column elementor-element elementor-element-c4494de\" data-id=\"c4494de\" data-element_type=\"column\" data-settings=\"{&quot;background_background&quot;:&quot;slideshow&quot;,&quot;background_slideshow_gallery&quot;:[],&quot;background_slideshow_loop&quot;:&quot;yes&quot;,&quot;background_slideshow_slide_duration&quot;:5000,&quot;background_slideshow_slide_transition&quot;:&quot;fade&quot;,&quot;background_slideshow_transition_duration&quot;:500}\">\n\t\t\t<div class=\"elementor-widget-wrap\">\n\t\t\t\t\t\t\t\t\t<\/div>\n\t\t<\/div>\n\t\t\t\t<div class=\"elementor-column elementor-col-50 elementor-top-column elementor-element elementor-element-443c2ae1\" data-id=\"443c2ae1\" data-element_type=\"column\">\n\t\t\t<div class=\"elementor-widget-wrap\">\n\t\t\t\t\t\t\t\t\t<\/div>\n\t\t<\/div>\n\t\t\t\t\t\t\t<\/div>\n\t\t<\/section>\n\t\t\t\t<section class=\"elementor-section elementor-top-section elementor-element elementor-element-1a02859 elementor-section-boxed elementor-section-height-default elementor-section-height-default\" data-id=\"1a02859\" data-element_type=\"section\">\n\t\t\t\t\t\t<div class=\"elementor-container elementor-column-gap-default\">\n\t\t\t\t\t<div class=\"elementor-column elementor-col-100 elementor-top-column elementor-element elementor-element-422ad1b\" data-id=\"422ad1b\" data-element_type=\"column\">\n\t\t\t<div class=\"elementor-widget-wrap elementor-element-populated\">\n\t\t\t\t\t\t\t\t<div class=\"elementor-element elementor-element-41bd3e5 elementor-widget elementor-widget-heading\" data-id=\"41bd3e5\" data-element_type=\"widget\" data-widget_type=\"heading.default\">\n\t\t\t\t<div class=\"elementor-widget-container\">\n\t\t\t<style>\/*! elementor - v3.13.3 - 28-05-2023 *\/\n.elementor-heading-title{padding:0;margin:0;line-height:1}.elementor-widget-heading .elementor-heading-title[class*=elementor-size-]>a{color:inherit;font-size:inherit;line-height:inherit}.elementor-widget-heading .elementor-heading-title.elementor-size-small{font-size:15px}.elementor-widget-heading .elementor-heading-title.elementor-size-medium{font-size:19px}.elementor-widget-heading .elementor-heading-title.elementor-size-large{font-size:29px}.elementor-widget-heading .elementor-heading-title.elementor-size-xl{font-size:39px}.elementor-widget-heading .elementor-heading-title.elementor-size-xxl{font-size:59px}<\/style><h2 class=\"elementor-heading-title elementor-size-default\">Porady<\/h2>\t\t<\/div>\n\t\t\t\t<\/div>\n\t\t\t\t\t<\/div>\n\t\t<\/div>\n\t\t\t\t\t\t\t<\/div>\n\t\t<\/section>\n\t\t\t\t<section class=\"elementor-section elementor-top-section elementor-element elementor-element-1c71ba36 elementor-section-boxed elementor-section-height-default elementor-section-height-default\" data-id=\"1c71ba36\" data-element_type=\"section\">\n\t\t\t\t\t\t<div class=\"elementor-container elementor-column-gap-default\">\n\t\t\t\t\t<div class=\"elementor-column elementor-col-100 elementor-top-column elementor-element elementor-element-1d5593a9\" data-id=\"1d5593a9\" data-element_type=\"column\">\n\t\t\t<div class=\"elementor-widget-wrap elementor-element-populated\">\n\t\t\t\t\t\t\t\t<section class=\"elementor-section elementor-inner-section elementor-element elementor-element-6cbf6e3b elementor-section-boxed elementor-section-height-default elementor-section-height-default\" data-id=\"6cbf6e3b\" data-element_type=\"section\">\n\t\t\t\t\t\t<div class=\"elementor-container elementor-column-gap-default\">\n\t\t\t\t\t<div class=\"elementor-column elementor-col-25 elementor-inner-column elementor-element elementor-element-1097462f\" data-id=\"1097462f\" data-element_type=\"column\">\n\t\t\t<div class=\"elementor-widget-wrap elementor-element-populated\">\n\t\t\t\t\t\t\t\t<div class=\"elementor-element elementor-element-6bc6ee1f ekit-equal-height-enable elementor-widget elementor-widget-elementskit-icon-box\" data-id=\"6bc6ee1f\" data-element_type=\"widget\" data-widget_type=\"elementskit-icon-box.default\">\n\t\t\t\t<div class=\"elementor-widget-container\">\n\t\t\t<div class=\"ekit-wid-con\" >        <!-- link opening -->\n                <!-- end link opening -->\n\n        <div class=\"elementskit-infobox text-center text- icon-top-align elementor-animation-float   \">\n                            <div class=\"elementskit-box-header\">\n                <div class=\"elementskit-info-box-icon \">\n                    <img loading=\"lazy\" decoding=\"async\" width=\"769\" height=\"769\" src=\"https:\/\/gardlox.pl\/wp-content\/uploads\/2023\/06\/ikona_a1.png\" class=\"attachment- size-\" alt=\"\" srcset=\"https:\/\/gardlox.pl\/wp-content\/uploads\/2023\/06\/ikona_a1.png 769w, https:\/\/gardlox.pl\/wp-content\/uploads\/2023\/06\/ikona_a1-300x300.png 300w, https:\/\/gardlox.pl\/wp-content\/uploads\/2023\/06\/ikona_a1-150x150.png 150w\" sizes=\"auto, (max-width: 769px) 100vw, 769px\" \/>                <\/div>\n          <\/div>\n                <div class=\"box-body\">\n                            <h3 class=\"elementskit-info-box-title\">\n                    Angina \u2013 czym jest i jak j\u0105 leczy\u0107                <\/h3>\n                                                    <div class=\"box-footer disable_hover_button\">\n                    <div class=\"btn-wraper\">\n                                                            <a href=\"https:\/\/gardlox.pl\/?page_id=1116\" target=\"_self\" rel=\"\" class=\"elementskit-btn whitespace--normal elementor-animation-\">\n                                                                                Czytaj                                    <\/a>\n                                                        <\/div>\n                <\/div>\n                    <\/div>\n        \n        \n                <\/div>\n        <\/div>\t\t<\/div>\n\t\t\t\t<\/div>\n\t\t\t\t\t<\/div>\n\t\t<\/div>\n\t\t\t\t<div class=\"elementor-column elementor-col-25 elementor-inner-column elementor-element elementor-element-241f4642\" data-id=\"241f4642\" data-element_type=\"column\">\n\t\t\t<div class=\"elementor-widget-wrap elementor-element-populated\">\n\t\t\t\t\t\t\t\t<div class=\"elementor-element elementor-element-68ae92d ekit-equal-height-enable elementor-widget elementor-widget-elementskit-icon-box\" data-id=\"68ae92d\" data-element_type=\"widget\" data-widget_type=\"elementskit-icon-box.default\">\n\t\t\t\t<div class=\"elementor-widget-container\">\n\t\t\t<div class=\"ekit-wid-con\" >        <!-- link opening -->\n                <!-- end link opening -->\n\n        <div class=\"elementskit-infobox text-center text- icon-top-align elementor-animation-float   \">\n                            <div class=\"elementskit-box-header\">\n                <div class=\"elementskit-info-box-icon \">\n                    <img loading=\"lazy\" decoding=\"async\" width=\"769\" height=\"769\" src=\"https:\/\/gardlox.pl\/wp-content\/uploads\/2023\/06\/ikona_a2.png\" class=\"attachment- size-\" alt=\"\" srcset=\"https:\/\/gardlox.pl\/wp-content\/uploads\/2023\/06\/ikona_a2.png 769w, https:\/\/gardlox.pl\/wp-content\/uploads\/2023\/06\/ikona_a2-300x300.png 300w, https:\/\/gardlox.pl\/wp-content\/uploads\/2023\/06\/ikona_a2-150x150.png 150w\" sizes=\"auto, (max-width: 769px) 100vw, 769px\" \/>                <\/div>\n          <\/div>\n                <div class=\"box-body\">\n                            <h3 class=\"elementskit-info-box-title\">\n                    Skuteczny spos\u00f3b na b\u00f3l gard\u0142a \u2013 po\u0142\u0105czenie srebra nanokoloidalnego i miodu Manuka                <\/h3>\n                                                    <div class=\"box-footer disable_hover_button\">\n                    <div class=\"btn-wraper\">\n                                                            <a href=\"https:\/\/tvn24.pl\/biznes\/z-kraju\/skuteczny-sposob-na-bol-gardla-polaczenie-srebra-nanokoloidalnego-i-miodu-manuka-4772907?fbclid=IwAR2vlrwj94N3lgz2VF7lTKEpE3pAc53bb7o2Kykufx0o5UlBNg50B49jI3A\" target=\"_self\" rel=\"\" class=\"elementskit-btn whitespace--normal elementor-animation-\">\n                                                                                Czytaj                                    <\/a>\n                                                        <\/div>\n                <\/div>\n                    <\/div>\n        \n        \n                <\/div>\n        <\/div>\t\t<\/div>\n\t\t\t\t<\/div>\n\t\t\t\t\t<\/div>\n\t\t<\/div>\n\t\t\t\t<div class=\"elementor-column elementor-col-25 elementor-inner-column elementor-element elementor-element-5af5a683\" data-id=\"5af5a683\" data-element_type=\"column\">\n\t\t\t<div class=\"elementor-widget-wrap elementor-element-populated\">\n\t\t\t\t\t\t\t\t<div class=\"elementor-element elementor-element-8610439 ekit-equal-height-enable elementor-widget elementor-widget-elementskit-icon-box\" data-id=\"8610439\" data-element_type=\"widget\" data-widget_type=\"elementskit-icon-box.default\">\n\t\t\t\t<div class=\"elementor-widget-container\">\n\t\t\t<div class=\"ekit-wid-con\" >        <!-- link opening -->\n                <!-- end link opening -->\n\n        <div class=\"elementskit-infobox text-center text- icon-top-align elementor-animation-float   \">\n                            <div class=\"elementskit-box-header\">\n                <div class=\"elementskit-info-box-icon \">\n                    <img loading=\"lazy\" decoding=\"async\" width=\"769\" height=\"769\" src=\"https:\/\/gardlox.pl\/wp-content\/uploads\/2023\/07\/ikona_a3.png\" class=\"attachment- size-\" alt=\"\" srcset=\"https:\/\/gardlox.pl\/wp-content\/uploads\/2023\/07\/ikona_a3.png 769w, https:\/\/gardlox.pl\/wp-content\/uploads\/2023\/07\/ikona_a3-300x300.png 300w, https:\/\/gardlox.pl\/wp-content\/uploads\/2023\/07\/ikona_a3-150x150.png 150w\" sizes=\"auto, (max-width: 769px) 100vw, 769px\" \/>                <\/div>\n          <\/div>\n                <div class=\"box-body\">\n                            <h3 class=\"elementskit-info-box-title\">\n                    Kiedy do lekarza, gdy boli gard\u0142o?                <\/h3>\n                                                    <div class=\"box-footer disable_hover_button\">\n                    <div class=\"btn-wraper\">\n                                                            <a href=\"https:\/\/gardlox.pl\/?page_id=1517\" target=\"_self\" rel=\"\" class=\"elementskit-btn whitespace--normal elementor-animation-\">\n                                                                                Czytaj                                    <\/a>\n                                                        <\/div>\n                <\/div>\n                    <\/div>\n        \n        \n                <\/div>\n        <\/div>\t\t<\/div>\n\t\t\t\t<\/div>\n\t\t\t\t\t<\/div>\n\t\t<\/div>\n\t\t\t\t<div class=\"elementor-column elementor-col-25 elementor-inner-column elementor-element elementor-element-2c08f429\" data-id=\"2c08f429\" data-element_type=\"column\">\n\t\t\t<div class=\"elementor-widget-wrap elementor-element-populated\">\n\t\t\t\t\t\t\t\t<div class=\"elementor-element elementor-element-3dd8dd3 ekit-equal-height-enable elementor-widget elementor-widget-elementskit-icon-box\" data-id=\"3dd8dd3\" data-element_type=\"widget\" data-widget_type=\"elementskit-icon-box.default\">\n\t\t\t\t<div class=\"elementor-widget-container\">\n\t\t\t<div class=\"ekit-wid-con\" >        <!-- link opening -->\n                <!-- end link opening -->\n\n        <div class=\"elementskit-infobox text-center text- icon-top-align elementor-animation-float   \">\n                            <div class=\"elementskit-box-header\">\n                <div class=\"elementskit-info-box-icon \">\n                    <img loading=\"lazy\" decoding=\"async\" width=\"769\" height=\"769\" src=\"https:\/\/gardlox.pl\/wp-content\/uploads\/2023\/07\/ikona_a4.png\" class=\"attachment- size-\" alt=\"\" srcset=\"https:\/\/gardlox.pl\/wp-content\/uploads\/2023\/07\/ikona_a4.png 769w, https:\/\/gardlox.pl\/wp-content\/uploads\/2023\/07\/ikona_a4-300x300.png 300w, https:\/\/gardlox.pl\/wp-content\/uploads\/2023\/07\/ikona_a4-150x150.png 150w\" sizes=\"auto, (max-width: 769px) 100vw, 769px\" \/>                <\/div>\n          <\/div>\n                <div class=\"box-body\">\n                            <h3 class=\"elementskit-info-box-title\">\n                    Sk\u0105d sucho\u015b\u0107 gard\u0142a?                <\/h3>\n                                                    <div class=\"box-footer disable_hover_button\">\n                    <div class=\"btn-wraper\">\n                                                            <a href=\"https:\/\/gardlox.pl\/?page_id=1601\" target=\"_self\" rel=\"\" class=\"elementskit-btn whitespace--normal elementor-animation-\">\n                                                                                Czytaj                                    <\/a>\n                                                        <\/div>\n                <\/div>\n                    <\/div>\n        \n        \n                <\/div>\n        <\/div>\t\t<\/div>\n\t\t\t\t<\/div>\n\t\t\t\t\t<\/div>\n\t\t<\/div>\n\t\t\t\t\t\t\t<\/div>\n\t\t<\/section>\n\t\t\t\t\t<\/div>\n\t\t<\/div>\n\t\t\t\t\t\t\t<\/div>\n\t\t<\/section>\n\t\t\t\t<section class=\"elementor-section elementor-top-section elementor-element elementor-element-14af86c elementor-section-boxed elementor-section-height-default elementor-section-height-default\" data-id=\"14af86c\" data-element_type=\"section\">\n\t\t\t\t\t\t<div class=\"elementor-container elementor-column-gap-default\">\n\t\t\t\t\t<div class=\"elementor-column elementor-col-100 elementor-top-column elementor-element elementor-element-b01703d\" data-id=\"b01703d\" data-element_type=\"column\">\n\t\t\t<div class=\"elementor-widget-wrap elementor-element-populated\">\n\t\t\t\t\t\t\t\t<section class=\"elementor-section elementor-inner-section elementor-element elementor-element-1141ab6 elementor-section-boxed elementor-section-height-default elementor-section-height-default\" data-id=\"1141ab6\" data-element_type=\"section\">\n\t\t\t\t\t\t<div class=\"elementor-container elementor-column-gap-default\">\n\t\t\t\t\t<div class=\"elementor-column elementor-col-25 elementor-inner-column elementor-element elementor-element-24e9810\" data-id=\"24e9810\" data-element_type=\"column\">\n\t\t\t<div class=\"elementor-widget-wrap elementor-element-populated\">\n\t\t\t\t\t\t\t\t<div class=\"elementor-element elementor-element-449aaae ekit-equal-height-enable elementor-widget elementor-widget-elementskit-icon-box\" data-id=\"449aaae\" data-element_type=\"widget\" data-widget_type=\"elementskit-icon-box.default\">\n\t\t\t\t<div class=\"elementor-widget-container\">\n\t\t\t<div class=\"ekit-wid-con\" >        <!-- link opening -->\n                <!-- end link opening -->\n\n        <div class=\"elementskit-infobox text-center text- icon-top-align elementor-animation-float   \">\n                            <div class=\"elementskit-box-header\">\n                <div class=\"elementskit-info-box-icon \">\n                    <img loading=\"lazy\" decoding=\"async\" width=\"769\" height=\"769\" src=\"https:\/\/gardlox.pl\/wp-content\/uploads\/2023\/07\/ikona_b1.png\" class=\"attachment- size-\" alt=\"\" srcset=\"https:\/\/gardlox.pl\/wp-content\/uploads\/2023\/07\/ikona_b1.png 769w, https:\/\/gardlox.pl\/wp-content\/uploads\/2023\/07\/ikona_b1-300x300.png 300w, https:\/\/gardlox.pl\/wp-content\/uploads\/2023\/07\/ikona_b1-150x150.png 150w\" sizes=\"auto, (max-width: 769px) 100vw, 769px\" \/>                <\/div>\n          <\/div>\n                <div class=\"box-body\">\n                            <h3 class=\"elementskit-info-box-title\">\n                    Ple\u015bniawki \u2013 czym s\u0105 i jak je leczy\u0107?                 <\/h3>\n                                                    <div class=\"box-footer disable_hover_button\">\n                    <div class=\"btn-wraper\">\n                                                            <a href=\"https:\/\/gardlox.pl\/\/?page_id=1640\" target=\"_self\" rel=\"\" class=\"elementskit-btn whitespace--normal elementor-animation-\">\n                                                                                Czytaj                                    <\/a>\n                                                        <\/div>\n                <\/div>\n                    <\/div>\n        \n        \n                <\/div>\n        <\/div>\t\t<\/div>\n\t\t\t\t<\/div>\n\t\t\t\t\t<\/div>\n\t\t<\/div>\n\t\t\t\t<div class=\"elementor-column elementor-col-25 elementor-inner-column elementor-element elementor-element-bfb89db\" data-id=\"bfb89db\" data-element_type=\"column\">\n\t\t\t<div class=\"elementor-widget-wrap\">\n\t\t\t\t\t\t\t\t\t<\/div>\n\t\t<\/div>\n\t\t\t\t<div class=\"elementor-column elementor-col-25 elementor-inner-column elementor-element elementor-element-796b3dc\" data-id=\"796b3dc\" data-element_type=\"column\">\n\t\t\t<div class=\"elementor-widget-wrap\">\n\t\t\t\t\t\t\t\t\t<\/div>\n\t\t<\/div>\n\t\t\t\t<div class=\"elementor-column elementor-col-25 elementor-inner-column elementor-element elementor-element-ae785eb\" data-id=\"ae785eb\" data-element_type=\"column\">\n\t\t\t<div class=\"elementor-widget-wrap\">\n\t\t\t\t\t\t\t\t\t<\/div>\n\t\t<\/div>\n\t\t\t\t\t\t\t<\/div>\n\t\t<\/section>\n\t\t\t\t\t<\/div>\n\t\t<\/div>\n\t\t\t\t\t\t\t<\/div>\n\t\t<\/section>\n\t\t\t\t\t\t\t<\/div>\n\t\t","protected":false},"excerpt":{"rendered":"<p>Porady Angina \u2013 czym jest i jak j\u0105 leczy\u0107 Czytaj Skuteczny spos\u00f3b na b\u00f3l gard\u0142a \u2013 po\u0142\u0105czenie srebra nanokoloidalnego i miodu Manuka Czytaj Kiedy do lekarza, gdy boli gard\u0142o? Czytaj Sk\u0105d sucho\u015b\u0107 gard\u0142a? Czytaj Ple\u015bniawki \u2013 czym s\u0105 i jak je leczy\u0107? Czytaj<\/p>\n","protected":false},"author":1,"featured_media":0,"parent":0,"menu_order":0,"comment_status":"closed","ping_status":"closed","template":"elementor_header_footer","meta":{"footnotes":""},"class_list":["post-1088","page","type-page","status-publish","hentry"],"_links":{"self":[{"href":"https:\/\/gardlox.pl\/index.php?rest_route=\/wp\/v2\/pages\/1088","targetHints":{"allow":["GET"]}}],"collection":[{"href":"https:\/\/gardlox.pl\/index.php?rest_route=\/wp\/v2\/pages"}],"about":[{"href":"https:\/\/gardlox.pl\/index.php?rest_route=\/wp\/v2\/types\/page"}],"author":[{"embeddable":true,"href":"https:\/\/gardlox.pl\/index.php?rest_route=\/wp\/v2\/users\/1"}],"replies":[{"embeddable":true,"href":"https:\/\/gardlox.pl\/index.php?rest_route=%2Fwp%2Fv2%2Fcomments&post=1088"}],"version-history":[{"count":60,"href":"https:\/\/gardlox.pl\/index.php?rest_route=\/wp\/v2\/pages\/1088\/revisions"}],"predecessor-version":[{"id":1701,"href":"https:\/\/gardlox.pl\/index.php?rest_route=\/wp\/v2\/pages\/1088\/revisions\/1701"}],"wp:attachment":[{"href":"https:\/\/gardlox.pl\/index.php?rest_route=%2Fwp%2Fv2%2Fmedia&parent=1088"}],"curies":[{"name":"wp","href":"https:\/\/api.w.org\/{rel}","templated":true}]}}